- 3)?
-19
What is 141 - (-17 - 30) - 92?
96
What is 1 + 73 - (34 - ((1 - -5) + 451 + -431))?
66
What is the value of -4 - (-8 - 0) - -28 - (-1 + 8)?
25
What is the value of (22 - (8 - -1 - 1)) + -493 + 503?
24
What is 111 + (-13 - 135) + -29?
-66
(62 - (52 + 19)) + (77 - -4) + -4
68
Evaluate -48 - -26 - ((-3 - 43) + 11).
13
Calculate -24 + (2 - 3) - (29 - 34 - -3).
-23
-14 - ((-5 - 20) + 0 + -17)
28
What is the value of -83 + (31 + -36 - -46)?
-42
40 + (-10 - (2 + 52)) - 21
-45
(7 - 58) + -2 + (-18 - -21) + -5 + 4
-51
4 + 0 + (-13 - (-47 + 30 + -26))
34
Evaluate (-332 - -290) + 16 + 2.
-24
-4 + 1 - (-56 + 23 - -3 - -22)
5
What is the value of (80 - 130 - -127) + -127?
-50
Evaluate (7 - (6 - -26)) + 13 + -16 + 0.
-28
What is (11 + -26 - -101) + -2 - (-57 - -58)?
83
(-4 - 0) + -12 + 505 + -468 - -19
40
What is the value of -9 + 50 + -51 + 43?
33
0 + (-12 - -32) - 42
-22
What is -143 + 183 + -210 + 34?
-136
Evaluate -9 - (-7 + -3 + -10 + 13 + -2 + 6).
-6
Evaluate 2568 + -2560 + (0 - (9 - -2)).
-3
What is the value of 119 + -177 + 55 + -118?
-121
What is the value of -4 - (0 - (2 - 1 - (-25 - -21))) - -6?
7
Evaluate 11 - (-4 + -27 + (-4 - (-17 - -6))).
35
Calculate -11 - (43 + -41 + 13).
-26
Calculate 1 - 68 - (-66 - (-52 - -9)).
-44
What is -73 + 45 - -24 - (-2 + 2)?
-4
Calculate -36 - 15 - 163 - -84.
-130
What is the value of -6 + -8 + (11 - 2 - -15) - (3 - 5)?
12
What is the value of -8 + 12 + (1 + -7 - (-9 + 50))?
-43
Evaluate -147 + 193 + (-3 + 1 - 0) + 8.
52
Calculate 62 - -10 - (65 - 12).
19
1 + -2 + (5 + -2 - (-9 - -11)) + -1
-1
6 + (7 - 5 - -76) + 9 + -22
71
Evaluate 1 + (4 - (-13 + -10) - 13 - -8).
23
Calculate -63 + 54 + -25 + -12.
-46
What is the value of -56 + (193 - (-146 + 145))?
138
Evaluate -3 + 39 + (-1 - -11 - (32 - 20) - 6).
28
What is (34 - 22) + 24 - (-2 + -1 - (-10 + -2))?
27
-22 - (14 - 48) - 34 - 65
-87
Evaluate 38 + (10 - (-3 - (-12 + 5 - -5))).
49
Evaluate 86 + -1 + 1 - (4 + -4) - (18200 - 18192).
78
(32 - (7 + 4)) + (49 - 69)
1
Evaluate (-2 - (-2 + -4 + 5) - 0) + (0 - -40).
39
Calculate 2828 + -2761 - (2 - -5).
60
Evaluate -2 - -7 - -7 - 6 - (-67 + 75).
-2
Evaluate 45 - (0 - (0 + -1) - (-172 + 185)).
57
Evaluate 959 + -901 + (0 - 18).
40
What is 7 - (13 + 47 - 50)?
-3
What is (-9 + 6 - (-3 - (-16 + 2)) - -9) + 101?
96
(10 - -1) + -451 + 406
-34
-3 - (288 - 301 - (-44 + -3))
-37
What is the value of -11 + 65 + 0 + -4 + 4 + -5?
49
-23 + -3 + 25 + -20 + -3 + 0 + 2
-22
What is 70 - 38 - 20 - (2 - (8 - -2)) - 9?
11
Evaluate 0 + (2 - -53) - (1923 + -1966).
98
Calculate 2 - 0 - (10 + -28 + 4 + 10 + 3).
3
What is 60 - (15 - (15 + -28 - -17))?
49
Calculate (-118 - -18) + 24 + -2.
-78
Calculate 11 - (-80 + 157 - 88).
22
50 + (-25 - 22) + 5
8
What is the value of 10 - (-6 + 12) - 0 - (4 - (-28 - 1))?
-29
Calculate -50 - 12 - -46 - (3 - 2).
-17
What is 2 - -30 - (-28 - (-103 - 66))?
-109
-14 + -1 - (8 - (29 + (0 - 14) + 0))
-8
What is 5 - (1 + 0 + -4 - (97 - (-34 + 77)))?
62
What is (-22 - -43) + -16 - ((-29 - -9) + 7)?
18
What is the value of (-2 - -104) + (1184 - 1238)?
48
What is -44 + -81 + 187 + (2 + -1 - 16)?
47
(50 - 52) + -5 - (8 - (-3 - -4 - 3))
-17
(22 - (-79 - -85)) + -35
-19
Evaluate 2 + -9 - (-128 + 125) - 3 - -30.
23
What is the value of -3 + -39 + 1 + -1 + 11 + 2 + -5?
-34
Calculate (-98 + 226 - 204) + (0 - -41).
-35
Calculate (-3 + -18 - (11 + -24)) + 2 + -34.
-40
What is (186 - 121) + (-4 + (-4 - -3) + 5 - 8)?
57
What is the value of -1 + 2 - (-37 + (78 - 62))?
22
158 - 221 - -49 - (1 - (153 + -1) - -1)
136
Calculate 18 + (34 + -19 - 20) + 10 - 146.
-123
Evaluate (-99 + 126 - (38 + 1)) + -1 + -9.
-22
Evaluate 3 + -17 + -308 + 333 - ((0 - -47) + 5).
-41
Evaluate 0 - -12 - (1081 - 1126).
57
3 + 88 - ((18 + -11 - 44) + 15)
113
Evaluate -75 - (-106 + 30) - (2 - 6 - -1).
4
What is the value of -35 + 37 + (-73 - 0) + (-128 - -133)?
-66
What is 50 - (-3 + -11 + (-9 + 10 + 3 - -7))?
53
What is -12 - 17 - (-23 - 54)?
48
Evaluate (-69 + 69 + (-2 - -10) - 20) + 12.
0
-75 - -15 - (-47 + -6)
-7
What is -47 - (13 + (-11 - (-16 + 11) - 17))?
-37
What is 0 - 2 - ((-14 - -27) + -25)?
10
Calculate -37 - (-7 - -77 - (56 + -43)).
-94
What is -155 + (189 - -18) + (0 + 1 - (2 + -1))?
52
Evaluate 0 - (18 - (2 - -24 - (0 + 4))).
4
Evaluate 22 + (-75 - (-2 + -17) - 19).
-53
What is -13 - (19 + (-82 - (-21 + -2 + 14)))?
41
What is the value of -1 + -41 - (130 + -149)?
-23
What is the value of -1 + (43 - -1) + 6619 + -6609?
53
Evaluate 363 + -407 - (-8 - 25).
-11
Evaluate (2 - 7) + -1 + 51 + -17 + 10.
38
What is 61 + -38 + -8 + 12?
27
What is the value of (-60 + 2 - (1246 - 1266)) + -113?
-151
What is 51 + -58 + -22 + -65 - (-5 - 1)?
-88
What is the value of 27 + (1 - 0) + -22 + (63 - (14 + 26))?
29
What is the value of -8 + 1 - (-593 + 564) - 1?
21
Evaluate -840 + 711 + 2 + 50.
-77
Calculate (-280 - (205 - 481)) + (122 - -1 - 1).
118
What is (1 - ((-20 - (-44 - 11)) + -18)) + 59?
43
Calculate (-25 - -2 - 0) + (-1270 - -1282).
-11
What is -20 - (5 - (-19 - (-31 - 2)))?
-11
Evaluate 23 + (26 - 63) - (-3 - (-31 - -2)).
-40
Calculate -74 + -40 - -13 - -53.
-48
What is -11 + 23 + (-3 - 21) + 11 + 11?
10
Calculate (-3 - (-36 - -70)) + 3.
-34
What is the value of 1 + -28 + (-366 - -399) - 78?
-72
What is the value of 13 + (-2 - -5) - (28 - (-14 + 117))?
91
What is the value of -27 + (-39 - -67) + -7 + 2 + -4?
-8
What is the value of (-43 - (-12 - 35)) + -55?
-51
What is the value of 53 - 0 - (-2631 - -2583)?
101
Evaluate -10 - ((-2 - 2) + 3 - (180 + -204)).
-33
What is the value of -16 + (27 - 4 - (9 + 12))?
-14
Calculate (-133 - -25) + (145 - -7).
44
What is the value of 154 + -153 + 0 + (4 - 12) + 2 + -8?
-13
Evaluate -16 - (9 - 6 - -19 - 46).
8
What is -68 - (-33 - 23) - (2 - (0 - -13))?
-1
Calculate 1 - 45 - (-252 - (-307 - -96)).
-3
Calculate (-156 - -22) + 80 - (-2 + (5 - 4)).
-53
What is the value of 38 - (149 - 100 - 44)?
33
What is the value of 6 + 97 + 21 + -27 + -38 + 29?
88
Calculate 1 - (50 + -54 + -13).
18
What is the value of 1423 + -1424 + 6 + 1 + -1?
5
Calculate (52 - -5 - (-26 + 14)) + 1 + (-15 - -8).
63
What is the value of -27 + 3 + (-44 - -5 - 39)?
-102
Calculate ((18 - 48) + 18 - (4 + -15)) + -64 - -4.
-61
What is the value of 29 - (9 - (0 - -20) - -10 - 1 - -9)?
22
Calculate (-1 - -78) + -80 - -19.
16
What is (-10 - 98 - -10) + -6 + 15 - 18?
-107
What is -52 - (-8 + (23 - 7) + 1 + 22 + -20)?
-63
What is 7 - -121 - 112 - 106?
-90
What is -54 - -126 - (-6 + 56)?
22
What is the value of 4 - (-34 - (-7 + -6))?
25
Calculate 101 + (-51 - -92 - 238).
-96
Evaluate (5 - 16 - -3) + (9 - (9 - 8 - -14)).
-14
Evaluate (5 - 0) + (456 - 478) + (-11 - 6).
-34
Calculate 130 - -9 - (-36 + 26 + -3 + (20 - 1)).
133
Calculate -82 + 235 - 81 - (21 + -2).
53
What is the value of 8851 + -8871 - ((81 - -3) + (1 - 2))?
-103
Evaluate (4 - 13 - -145) + 120 + -162.
94
What is 72 - (-45 + (-24 - -71) - (-3 + (0 - 3)))?
64
What is the value of -30 + 14 + -23 + 37?
-2
What is 16 + 7 + -21 - 9 - -41 - (1 - 11)?
44
-10 + -5 + 14 + 55 - (1 + -2 + -1)
56
Evaluate -7 + 0 + (-3 - 4) + 5 + 20.
11
Evaluate -304 + 83 + 298 - (21 - 1).
57
Calculate -8 + (-3 - (2 - 26)) + -5 + (33 - 41).
0
Evaluate 14 - (1 - (17 + (8 - 13) + -16)).
9
Calculate 9 + (0 - 21 - (35 + -14 + -5)).
-28
What is the value of -12 + -1 + 1 + (-1 - -25) + -16?
-4
(-41 - -30 - -46) + 4 + -11
28
Calculate (6 + -3 + 36 - (-14 - (4 + -15))) + -5.
37
Calculate (10 - 26) + 30 + -33 + 23 + -19.
-15
What is the value of -7 - (-84 - (-36 + 11 + 5))?
57
Calculate (28 - -13) + (328 - 377).
-8
Calculate 88 - (253 + -273 - (-2 + -44)).
62
Calculate 6 + -21 + -12 - -17 - (-43 + -2 - -5).
30
-21 + (189 - 185) + (-1 - -1) + 3
-14
Evaluate 36 - (-98 - (-114 - 55)).
-35
What is (56 - -12) + -57 + 62 + -2 + -2?
69
What is the value of -28578 + 28481 - (-85 + -1)?
-11
Calculate -19 + 14 + (-2 - 6) + 82 - 12.
57
What is the value of ((2 - 5) + 15 - 12) + -1 + -4 + -27?
-32
What is (-230 - -262) + -18 + -26?
-12
What is -124 + 25 + 6 + -41 + 18?
-116
What is the value of 0 + (-26 - (-25 + 8)) - (-42 + (-2 - -3))?
32
What is -1 - (-9 + 3) - (746 - 821)?
80
What is the value of -14 + 2 + 5 + (73 - 64)?
2
-22 + -11 + 15 + -18 + 9 + 7
-20
What is the value of 16 + (-22 + 34 - (7 + 1)) + -17?
3
What is (4 + 7 - (-1 +